w) = w**3 + 5*w**2 - 3*w + 12. Let k(d) = -11 - 2*d**2 - 3*d**3 + 37*d + 2*d**3 - 3*d**2 - 35*d. Let y(t) = 4*c(t) + 5*k(t). Calculate y(-5).
3
Let a(z) be the third derivative of -1/120*z**6 + 1/12*z**4 + 1/6*z**3 + 0*z**5 + 0 + 0*z - 8*z**2. Let j be 143/(-65) + (-7)/(-35). Calculate a(j).
5
Let y(a) = a**2 + 95*a + 3. Let q(o) = -9*o**2 - 344*o - 45. Let x(f) = q(f) + 4*y(f). What is x(1)?
-2
Let p(b) be the second derivative of -2*b**3/3 + b. Let n be p(2). Let v(t) = 244*t + 10. Let s(j) = -407*j - 20. Let d(x) = 3*s(x) + 5*v(x). What is d(n)?
-2
Let i(t) = 2*t + 2. Let n = -237 + 610. Let j = 367 - n. Calculate i(j).
-10
Let j(d) = 2*d - 1. Let s(k) = -6*k + 4. Let h(c) = -7*j(c) - 2*s(c). Let q(y) = -4612*y - 2. Let w be q(0). What is h(w)?
3
Let a = -16434 - -16435. Let q(b) = -12*b + 4. What is q(a)?
-8
Suppose 22 = 2*s - r, -3*r + 19 + 5 = 3*s. Suppose -5*t + 65 - s = 0. Let a(q) = t*q - 14*q + 3*q - 6*q**2. Determine a(1).
-6
Let i be (-33 + 3)/(-5) - (1 + 2). Let n(y) = -2*y**3 + 5*y**2 + 7*y**3 - 4*y**i - 8*y - 6. Determine n(-6).
6
Let o(u) = -2*u**3 - 6*u**2 - 7*u - 7. Let y(r) = -3*r**2 - 48*r - 4. Let i be y(-16). Determine o(i).
53
Let m(w) = 77*w**2 + 392*w - 89. Let u(p) = -12*p**2 - 65*p + 15. Let g(r) = -2*m(r) - 13*u(r). What is g(-31)?
14
Let g(t) = -t**2 + 16*t - 19. Let d(q) = -q**2 + 31*q - 40. Let h(f) = -3*d(f) + 5*g(f). Give h(-8).
1
Suppose -5*a + 16 = -14. Let m be a/1 + 1 - 1. Let p(g) = -1 + g**2 + 0 + m - 8*g. Calculate p(4).
-11
Suppose -19*u = -27*u + 24. Let g(v) = -10*v + 7. Let a(z) = 12*z - 7. Let h(x) = u*a(x) + 4*g(x). Calculate h(-7).
35
Let d(c) be the first derivative of c**3/3 + 6*c**2 + c + 2. Let n be (-39 - -6)*(4/10)/(12/10). What is d(n)?
-10
Let o(k) be the first derivative of 98 - 1/2*k**2 + 5*k. Calculate o(9).
-4
Let k = 298 - 295. Suppose -4*o - 41 - k = 0. Let y(v) = -v**3 - 10*v**2 + 11*v + 3. Determine y(o).
3
Let m(u) = -u - 9. Suppose 0*f = -d + 4*f + 2, 3*d + 3*f = -9. Let v be (-1)/(11/132*(-6)/d). Give m(v).
-5
Let z(p) be the third derivative of p**4/24 - 5*p**3/6 + 2*p**2. Let x = -30976 + 30980. Determine z(x).
-1
Let v = -345 - -475. Let f = 128 - v. Let g(l) be the third derivative of l**6/120 + l**5/20 + l**4/8 + l**3/6 - 2*l**2. What is g(f)?
-1
Let i(z) = -2*z**2 + 25*z + 10. Suppose -6*t + 5*x = -4*t - 41, 0 = t + 2*x - 7. What is i(t)?
-3
Suppose 9*h = -25*h - 15 - 19. Let a(l) = -6*l**3 - l**2 + 7*l + 7. Calculate a(h).
5
Suppose -7 = -l + 22. Let h be 3/(12/l) + 4/(-16). Let r(s) = s - 12. Calculate r(h).
-5
Let b(i) = -i**3 + 5*i**2 - 3*i. Let x be ((0 - 3) + 17)*2/4. Suppose 2*l + x*l - 36 = 0. Suppose 20 = a + l*a. Give b(a).
4
Let c(z) = -11*z**3 - 2*z**2 + 1. Let a(r) = -r**3 - 2*r**2 + 111*r - 110. Let h be a(9). What is c(h)?
81
Suppose -5*q = 82 + 223. Let u = 65 + q. Let v(m) = 3*m**2 + m**2 + 3 + 3*m + 2*m - 6*m**2. Give v(u).
-9
Let h = -1140 + 1116. Let s be 3 + 208/h - 4/(-6). Let w(x) = -3 - 2 - 3*x + 2. Calculate w(s).
12
Suppose 208*t = 192*t + 176. Let s(g) be the second derivative of -g**3/6 + 4*g**2 - 3*g. What is s(t)?
-3
Let o(z) be the second derivative of z**6/120 + z**5/60 - z**4/6 + z**3/2 - 53*z**2/2 + 3*z - 7. Let a(h) be the first derivative of o(h). Determine a(-4).
-29
Suppose -2*f + 2*y = -6, -f + 3*y + 78 - 79 = 0. Let l(p) = p**2 - 6*p + 16. Give l(f).
11
Let w(h) = 76*h + 102. Let u(a) be the third derivative of -7*a**4/24 - 3*a**3/2 - a**2 - 74*a. Let v(c) = 68*u(c) + 6*w(c). Determine v(1).
-20
Let y(s) be the second derivative of 7/12*s**4 + 9/2*s**2 - 85*s + 0 + 1/20*s**5 - 2*s**3. What is y(-9)?
-45
Let u(p) = 2 - 3 - 2*p**2 - p - 2*p**2 + 0*p**2 + 3*p**2. Let r be u(-3). Let q(s) = s**3 + 6*s**2 - 8*s - 1. Calculate q(r).
6
Let d(g) = -9*g + 1. Suppose -80*s + 1768 = 362*s. Determine d(s).
-35
Suppose 3*o + 4 = 4*o. Let d(p) = -3 + 4*p**2 - 64274*p**3 + 64273*p**3 - 1 + 0. Give d(o).
-4
Let v(c) = 2 - 3 - 4 + 2*c - c. Suppose 9*k + 10 = 64. Suppose 5*u - o = 29, -2*u = -k*o + 2*o - 8. Give v(u).
1
Let y(z) = -z**3 - 7*z**2 + z - 8. Let x = -6894 - -6887. Determine y(x).
-15
Let k(u) = 0*u**3 - 2364*u**2 + 2356*u**2 - u**3 + 3*u + 30. Calculate k(-8).
6
Let g = 654 - 659. Let d(f) = 3*f + f - 68 + 33 + 33. What is d(g)?
-22
Let f(c) be the first derivative of c**4/4 + 2*c**3 - 9*c**2/2 - 5*c - 1584. Let k(n) = n - 3. Let p be k(-4). Calculate f(p).
9
Let f = -26 - -29. Let a be f/(0 - 3) + -77. Let h = a - -76. Let j(t) = 3*t + 2. Determine j(h).
-4
Let l(h) = h**2 + 11*h. Let c(m) = -8*m**2 - 101*m - 8. Let k(y) = c(y) + 9*l(y). Determine k(-3).
7
Suppose v = -0*v - 3. Let w(b) be the second derivative of -b**4/12 - b**3 + 2*b**2 + 20878*b. What is w(v)?
13
Let p be 9/((-5)/((-300)/(-9))). Let f = 61 + p. Let b(y) = -1 - f + 2 + 2 + y. What is b(3)?
5
Let f(w) = 4*w**2 - 3*w + 2. Let l be f(2). Let p(q) = 2 + 6*q + 9*q - l*q. Let x be p(-3). Let m(k) = k**2 + 7*k - 5. Determine m(x).
-5
Let y(c) = -3*c - 4. Let g be (-63)/(-42)*(-2)/3. Let q be (21/(-6 - -9))/g. Determine y(q).
17
Let j(i) = 7*i**2 + 5*i + 18. Let b(h) = 9*h**2 + 6*h + 20. Let a(n) = -4*b(n) + 5*j(n). Suppose -4*g = -6*g + 6. Let y be 2/(-1) + (g - 1). Calculate a(y).
10
Suppose -3*r + p + 17 = 0, -4*p - 5 = -13*r + 10*r. Let o(h) = 2*h + 21. Calculate o(r).
35
Let x = 82 + -79. Let h(z) = 5 + z + 0*z + x - 4. What is h(-8)?
-4
Let z(a) = -25*a**2 + 30*a + 11. Let l(p) = -14*p**2 + 16*p + 7. Let u(o) = 9*l(o) - 5*z(o). Give u(1).
1
Let z(t) be the third derivative of -8*t**2 + 0*t + 0 + 1/60*t**5 + 1/6*t**3 + 1/8*t**4. Let j be 4/26 - 476/221. Determine z(j).
-1
Let j(z) = 12 - 29*z**2 - 12*z**2 + 8*z**2 - z**3 - 10*z**3 + 0 + 23*z. Let v(n) = 7*n**3 + 21*n**2 - 15*n - 8. Let x(o) = 5*j(o) + 8*v(o). Determine x(-3).
11
Let a(d) = d**3 + 9*d**2 + 18*d + 8. Let j(r) = -r**3 + 82*r**2 - 2*r + 157. Let w be j(82). Calculate a(w).
-20
Let a(o) = o**3 + 14*o**2 - 17*o - 19. Let i be (3/(-2) - -6)*12. Suppose -2*w + 5*c - 9*c - 42 = 0, -4*w - i = -2*c. Give a(w).
11
Let o(c) = -55878714*c - 20 - 5 + 55878753*c. Give o(5).
170
Let w(g) = g**2 + 12*g + 15. Let q be w(-11). Suppose -5*j + 4*i - 10 = -0*j, q*i - 22 = -j. Let a(z) = -j*z + 2 - 3 + 3*z + 10. Give a(0).
9
Let d(r) be the second derivative of 7*r**4/12 - 17*r**2/2 - 57*r + 2. Let k(x) = -6*x**2 + 19. Let s(t) = 5*d(t) + 6*k(t). Give s(0).
29
Let u(h) = 0*h**2 + 5 + 3*h**2 - 10*h**2 - 6*h. Suppose 0 = -94*s + 101*s - 35. Let f(o) = 6*o**2 + 5*o - 4. Let v(l) = s*u(l) + 6*f(l). Give v(3).
10
Suppose 2*p = -p + 2*v - 29, 3*p = -4*v - 5. Let r(c) = -276 + 838 - 283 - c - 278. Give r(p).
8
Let q = 2 - 3. Let f(d) = -707*d. Let j(p) = -4860*p. Let s(u) = -55*f(u) + 8*j(u). Calculate s(q).
-5
Let v(m) be the second derivative of m**4/4 + 8*m**3/3 + m**2 - 2336*m. Give v(-7).
37
Let h(z) = z**2 - 2. Let a be 129/(-21) - (3 + 300/(-42) + 4). Give h(a).
34
Let n be 14/(-6) - (-43)/129. Let x(f) = 3*f + 1. Let s(r) = 15*r + 6. Let d(y) = n*s(y) + 11*x(y). What is d(1)?
2
Suppose 3*c + 0*c - 9 = 0. Let m(d) = -1371*d - 17. Let i(t) = 242*t + 3. Let b(n) = 34*i(n) + 6*m(n). What is b(c)?
6
Let t(p) = 2*p + 18. Let k be t(-4). Let b(h) = 19*h**3 + 1 + 8*h**2 + 11*h - 4 + k - 18*h**3. Determine b(-7).
-21
Let u(r) = -3*r**3 - 12*r**2 - 5*r + 15. Let s(c) = 7*c**3 + 27*c**2 + 11*c - 35. Let i(x) = 2*s(x) + 5*u(x). Determine i(-6).
23
Let l(r) = r + 30. Suppose 5*g - 98 = 3*s, 2*s + 2*g + 40 = -g. Calculate l(s).
4
Let o be 1*(-2 - 3)*2/(-2). Suppose v = -1, -o*d + 3*v + 235 = -13. Let k = -48 + d. Let r(c) = 18*c**2 - c + 1. What is r(k)?
18
Let b(s) = -85*s - 264. Let u be b(-3). Let a(w) = 2*w**2 + 11*w + 4. Determine a(u).
67
Let r = -70 - -64. Let u(o) = -o + 14. Let x(y) = y - 16. Let n(a) = r*x(a) - 7*u(a). Calculate n(5).
3
Suppose -3*g + 3 = 0, 3*g + 3 = 2*m + 6*g. Let v(h) = 6*h + 95. Calculate v(m).
95
Let m(y) = -1 + 8*y + 8*y - 24*y + 9*y. Suppose -3*w - 5*p = -16, w + p - 2 = 2. Suppose 0*x - 16 = w*x. Calculate m(x).
-9
Let a be (-2 + (-83)/(-4))/(3/16). Let b(u) = 1 - a*u + 95*u + 3. What is b(-2)?
14
Let n(v) = 2*v**2 + 18*v + 11. Let y be n(-8). Let s(i) = i**3 + 2*i**2 + 5*i + 8. Let q(f) = f**3 + 4*f + 9. Let o(k) = y*s(k) + 6*q(k). Determine o(10).
4
Let b(n) = 3*n**2 + 55*n - 120. Let t be b(-20). Le